612 a factor of 235678581?
False
Is 115957086 even?
True
Is 129983336 a multiple of 202?
False
Does 7302 divide 2923468428?
False
Is 16826680 a multiple of 260?
True
Is 2653 a factor of 599191835?
False
Is 6669 a factor of 382440474?
True
Is 127 a factor of 1295069833?
False
Does 221 divide 9708043?
False
Is 11765 a factor of 1918036185?
True
Is 105 a factor of 930889910?
False
Does 2300 divide 85163071?
False
Does 4 divide 17726720?
True
Does 228 divide 172824?
True
Does 124 divide 337478757?
False
Does 43 divide 38637521?
True
Is 20 a factor of 279839883?
False
Does 33 divide 17533802?
False
Is 55 a factor of 442041980?
False
Is 1658840103 a multiple of 17?
False
Does 306 divide 28235232?
True
Is 2518 a factor of 128652174?
True
Is 21740800 a multiple of 1975?
True
Is 1881 a factor of 195341755?
False
Is 9 a factor of 27735813?
True
Is 1458018263 a multiple of 7033?
True
Is 8 a factor of 20706038?
False
Is 1239 a factor of 7153479?
False
Does 520 divide 3318640?
True
Is 39056805 a multiple of 7?
False
Is 21 a factor of 142142637?
True
Is 9159102 a multiple of 2133?
True
Is 7515924 a multiple of 39?
True
Is 123 a factor of 2241200008?
False
Is 5378650 a multiple of 3700?
False
Is 11741184 a multiple of 1792?
True
Does 2 divide 290809718?
True
Does 116 divide 2037474112?
True
Is 2263469584 a multiple of 6151?
True
Is 108 a factor of 3234670740?
True
Is 372404349 a multiple of 573?
False
Does 594 divide 260374554?
True
Is 439 a factor of 6646196?
False
Does 997 divide 1518797047?
False
Does 21 divide 27377121?
False
Is 187808945 a multiple of 17?
True
Is 724522890 a multiple of 2665?
True
Is 87844158 a multiple of 2249?
False
Does 15 divide 26790709?
False
Is 2030857925 a multiple of 895?
True
Is 878732500 a multiple of 15?
False
Does 897 divide 1729651727?
False
Is 2492 a factor of 30923228?
True
Is 26 a factor of 1630126650?
False
Is 4 a factor of 176934245?
False
Does 31 divide 1754118663?
True
Is 55 a factor of 87423792?
False
Is 1277 a factor of 34300220?
True
Is 192 a factor of 1287328512?
True
Is 2933 a factor of 406241031?
True
Is 71 a factor of 47927080?
False
Is 483598944 a multiple of 144?
True
Does 426 divide 195080893?
False
Is 134 a factor of 51290644?
True
Is 2163 a factor of 432941754?
True
Is 29938365 a multiple of 9?
True
Is 3183178 a multiple of 413?
False
Is 14 a factor of 50620263?
False
Is 1100 a factor of 13988700?
True
Is 30 a factor of 1304845?
False
Is 28 a factor of 317127272?
True
Is 5225094 a multiple of 6?
True
Does 6 divide 50013160?
False
Does 10 divide 1072389623?
False
Is 30 a factor of 57774071?
False
Is 18226738 a multiple of 19?
True
Is 182 a factor of 797222608?
True
Is 231897227 a multiple of 8?
False
Is 2700 a factor of 53665200?
True
Is 547424797 a multiple of 32?
False
Is 817592157 a multiple of 9377?
False
Is 541 a factor of 182819048?
True
Does 175 divide 66139912?
False
Is 652102144 a multiple of 32?
True
Is 3139 a factor of 3098594792?
True
Is 1891972024 a multiple of 2312?
True
Is 1453358716 a multiple of 165?
False
Is 115 a factor of 21632474?
False
Is 11 a factor of 9709097?
False
Is 900589999 a multiple of 113?
True
Does 11 divide 4126826?
True
Is 10206648 a multiple of 81?
True
Is 488 a factor of 1557757653?
False
Is 25004588 a multiple of 574?
True
Does 6 divide 682115593?
False
Is 120140900 a multiple of 2420?
True
Does 497 divide 77861511?
True
Is 47990817 a multiple of 639?
True
Does 12 divide 62278879?
False
Is 6 a factor of 1931322190?
False
Is 370 a factor of 507472020?
True
Is 679875963 a multiple of 46?
False
Is 284 a factor of 1893132924?
True
Does 23 divide 170029057?
False
Does 270 divide 1295132281?
False
Is 27 a factor of 3697194384?
False
Is 1760624821 a multiple of 7562?
False
Is 29 a factor of 123734087?
False
Is 15838181 a multiple of 260?
False
Does 85 divide 208252210?
True
Is 394 a factor of 38272766?
True
Is 89 a factor of 2474896003?
False
Is 7 a factor of 157837258?
False
Is 58 a factor of 37266798?
True
Is 4030 a factor of 471735743?
False
Is 355878471 a multiple of 897?
True
Does 12 divide 49744152?
True
Is 666221649 a multiple of 38?
False
Is 553 a factor of 209016804?
False
Does 3588 divide 8452431?
False
Does 11 divide 48725256?
False
Is 655918347 a multiple of 4?
False
Does 179 divide 587439510?
False
Does 158 divide 43880093?
False
Is 130 a factor of 20663095?
False
Is 20379219 a multiple of 9?
False
Does 13 divide 253885992?
False
Does 355 divide 362923245?
True
Is 71427145 a multiple of 57?
False
Is 502743882 a multiple of 346?
True
Is 26978144 a multiple of 8?
True
Is 15 a factor of 6644286450?
True
Is 32 a factor of 560695634?
False
Is 41 a factor of 56010309?
False
Is 516 a factor of 131318053?
False
Does 171 divide 273691998?
True
Is 31222776 a multiple of 437?
True
Does 1963 divide 353630524?
True
Is 166725299 a multiple of 185?
False
Is 151 a factor of 4552046?
True
Is 148 a factor of 314721556?
True
Is 42016434 a multiple of 134?
False
Is 25 a factor of 1682629?
False
Does 1084 divide 53804340?
True
Does 3967 divide 322091761?
False
Is 243564363 a multiple of 201?
True
Is 211 a factor of 243650562?
True
Is 119 a factor of 106562585?
False
Does 5536 divide 74215616?
True
Is 9 a factor of 506273256?
True
Is 2381982872 a multiple of 38?
False
Does 24 divide 34387200?
True
Is 25 a factor of 18403075?
True
Is 11211543 a multiple of 63?
True
Is 2081 a factor of 11083202?
False
Does 154 divide 1267403522?
True
Is 8203 a factor of 1096413645?
False
Does 11 divide 35515622?
False
Does 783 divide 209479905?
True
Is 133195760 a multiple of 23?
True
Is 463 a factor of 1300567?
True
Is 1251 a factor of 146495132?
False
Is 51 a factor of 2057646?
True
Is 4119 a factor of 82588544?
False
Is 443 a factor of 819538135?
False
Does 352 divide 991528736?
True
Does 7 divide 958300?
True
Is 33436848 a multiple of 713?
True
Is 52 a factor of 1919657546?
False
Does 292 divide 21386956?
True
Is 568829771 a multiple of 19?
True
Does 45 divide 6236055?
True
Is 27 a factor of 1295082338?
False
Is 7 a factor of 1887620063?
True
Is 15 a factor of 7503794040?
True
Is 10941413 a multiple of 12?
False
Is 1154553805 a multiple of 511?
False
Does 347 divide 1383424458?
True
Is 9021149 a multiple of 18?
False
Is 16676034 a multiple of 11?
False
Does 210 divide 259235251?
False
Does 527 divide 25757769?
False
Does 73 divide 147175903?
False
Is 6321473 a multiple of 43?
True
Is 1461 a factor of 170200656?
True
Does 2908 divide 574238276?
False
Does 11 divide 363432745?
False
Is 98329901 a multiple of 337?
False
Is 369479265 a multiple of 14?
False
Is 62 a factor of 5289091?
False
Is 1319 a factor of 4009760?
True
Is 201414460 a multiple of 985?
False
Is 41 a factor of 33082285?
True
Is 1106 a factor of 11436040?
True
Does 14 divide 16790004?
True
Does 1289 divide 1624320460?
True
Is 17818074 a multiple of 58?
False
Is 100042789 a multiple of 24?
False
Is 69 a factor of 68813395?
False
Is 35 a factor of 213613881?
False
Is 39761003 a multiple of 6?
False
Is 385 a factor of 10319004?
False
Does 344 divide 4423050520?
True
Is 529166880 a multiple of 121?
True
Is 31 a factor of 1136336?
True
Does 4 divide 5219884?
True
Is 26 a factor of 4339500?
False
Is 1702572309 a multiple of 13869?
True
Is 1548547 a multiple of 81?
False
Is 16 a factor of 11029409?
False
Is 2428 a factor of 734575478?
False
Is 2775 a factor of 566652396?
False
Is 40402683 a multiple of 171?
True
Is 4209060 a multiple of 236?
True
Does 126 divide 45989124?
False
Is 297 a factor of 5634981?
True
Is 1590603498 a multiple of 3322?
True
Is 24 a factor of 6664177?
False
Is 171753857 a multiple of 1403?
True
Is 8 a factor of 49793850?
False
Does 13 divide 83014768?
False
Is 22 a factor of 115852?
True
Is 3 a factor of 31555140?
True
Is 365 a factor of 24473630?
False
Is 15810705 a multiple of 3?
True
Does 1053 divide 531977100?
False
Is 140520212 a multiple of 2150?
False
Is 23 a factor of 12235241?
True
Is 3486 a factor of 168394841?
False
Is 1863 a factor of 33614109?
True
Is 107605342 a multiple of 26?
True
Is 11269280 even?
True
Is 12 a factor of 67262429?
False
Does 3208 divide 3656860152?
True
Is 3366642625 a multiple of 145?
True
Is 276559978 a multiple of 37?
True
Is 250631385 a multiple of 74?
False
Is 188539925 a mult